ts digit of (-2)/((-6)/(-117)*y)?
3
Suppose 0*r = r. Suppose 42 = 2*p - 2*f, 5*p - 2*p + 3*f - 69 = r. Suppose -l = l - p. What is the units digit of l?
1
What is the units digit of 6/(-2) - (-195)/5?
6
Let w(r) = -r. Let j(t) = -9*t**3 + 2*t**2 - 1. Let k be j(-1). Let b be (4/5)/((-4)/k). What is the units digit of w(b)?
2
Let z be (-2 - 0)/(-2) + -3. What is the units digit of z/((-3)/24*2)?
8
Let v = 219 + -67. What is the hundreds digit of v?
1
Let z = -24 + 100. What is the tens digit of z?
7
Let g(l) = 2*l**3 - 13*l**2 - 8*l - 8. Let r(f) = f**3 - 6*f**2 - 4*f - 4. Let h(a) = 2*g(a) - 5*r(a). What is the tens digit of h(4)?
2
Suppose -s - 141 = -2*n + n, 2*s = -2. What is the units digit of n?
0
Let q = 26 - -3. What is the units digit of q?
9
Let w be (-4)/18 - (-29)/9. Let y(h) = 6*h - 1. Let v be y(1). Suppose 31 = 3*o + 2*f, -v*f = -w*o - 2*o + 35. What is the units digit of o?
9
Suppose o = 3*o - 4. Suppose -3*v - x - 14 = -5*v, 3*v - 23 = 2*x. Suppose 0 = -y + 2, -o*y - 12 = v*a - 41. What is the units digit of a?
5
Suppose 14 + 11 = 5*s. Suppose -30 = -4*f - s*m, 5*f - 3*m - 48 = -4*m. What is the units digit of f?
0
Let x(c) be the second derivative of c**4/24 + 8*c**3/3 + c**2/2 + 2*c. Let y(s) be the first derivative of x(s). What is the units digit of y(-7)?
9
Let b be (2/(-4))/(1/(-6)). Suppose -b*s + 1 = 2*t, -2*s - 4*t = -9*t - 26. Suppose 0*w = -s*w + 18. What is the units digit of w?
6
Let p = 4 - -10. What is the units digit of p?
4
Suppose 3*r + 3 = 2*r, -5*r = -4*c + 95. What is the tens digit of c?
2
Suppose -2*f = 3*f. Suppose f = -j + 2 - 7. Let g = j + 16. What is the tens digit of g?
1
Suppose -t + 512 = 3*t. Let i = -80 + t. What is the units digit of i?
8
Let x = 154 - 88. What is the units digit of x?
6
Let u = 70 - 42. What is the tens digit of u?
2
Let m(d) = 13*d + 3. What is the units digit of m(3)?
2
Let g(f) = f + 7. Let j be g(-5). Suppose j = r - 0. What is the units digit of (r/6)/(5/105)?
7
Let w = 17 - 12. Suppose 0 = -w*i + 81 + 94. What is the tens digit of i?
3
Suppose -200 = 5*n - 10*n. Suppose 2*m + 2*m = n. What is the tens digit of m?
1
Let b(d) = -d**2 - 19*d - 20. What is the units digit of b(-16)?
8
Let y be 6/(-33) - 0 - 26/(-22). Let w = 4 - 3. What is the units digit of (y/w - -13) + 0?
4
Let l(f) = -3*f. Let y(z) = 4*z. Let q(r) = -3*l(r) - 2*y(r). Let t be q(-6). What is the units digit of t*(-1)/(-4)*-2?
3
Suppose -2*p - 45 = j - 3*p, 51 = -j + 3*p. Let m = j - -59. What is the tens digit of m?
1
Suppose 10 = -z - 5*r, -2*r + 3 = 2*z - 9. What is the units digit of z?
0
Suppose -5*o + 12 = -3. Suppose 3*j - 39 = -l, o*l - 3 = 5*j - 82. What is the units digit of j?
4
Let g(b) = -2*b**2 - 3*b - 1. Let i be g(-2). Let t be 2 + i - (-6)/2. Let c = 1 + t. What is the units digit of c?
3
Suppose -5*t - 135 = -10*t. What is the tens digit of (20/3)/(18/t)?
1
Let t(f) = f**3 + 3*f**2 - 2*f + 2. Let p be t(-4). Let r(w) = -w**3 - 6*w**2 - 3*w + 2. What is the units digit of r(p)?
0
Let a = 61 - 37. What is the units digit of a?
4
Let o = 1 + -10. Suppose -60 = v + 3*v. Let p = o - v. What is the units digit of p?
6
Let g = 4 + -1. Suppose 3*s = s + 4*p + 22, 0 = -g*s + 4*p + 29. What is the units digit of (s/2 - 3)*10?
5
Suppose 11*t - 8*t - 135 = 0. Let z = t + -16. What is the tens digit of z?
2
Let d = 84 - 46. What is the tens digit of d?
3
Let a(f) = -2*f + 4. Let i be a(3). Let l = 11 - i. What is the units digit of l?
3
Suppose 2*a - 1 = 3*g, 2*a - g - 5 = -a. Suppose -7*x = -a*x - 180. What is the tens digit of x?
3
Suppose a - o - 19 = 0, 29 = 2*a + 3*o - 34. Let f = 35 - a. What is the tens digit of f?
1
Suppose 5*c + 4*j - 170 = 0, -c - 2*c - 2*j + 102 = 0. What is the tens digit of c?
3
Let v(z) = 7*z**2 + 2*z + 13. What is the tens digit of v(-7)?
4
Let h = -70 - -42. Suppose -8 - 72 = 4*x. Let c = x - h. What is the units digit of c?
8
Let t be (1 - -22)*(-7 - -8). Let y = -8 + t. What is the units digit of y?
5
Let s = 18 + -3. Suppose -y = -0*y - s. What is the units digit of y?
5
Let b(d) = -d**3 - 2*d**2 - d + 72. What is the tens digit of b(0)?
7
Let a be (1 - (11 - 0)) + 2. Let h = a - -1. Let v = h + 10. What is the units digit of v?
3
Suppose -4*y + n + 29 = -64, -4*y + 83 = n. What is the units digit of y?
2
Let g(x) = -x**3 - x**2. What is the tens digit of g(-4)?
4
Let a be ((-74)/(-3))/((-4)/6). Let z = 62 + a. What is the units digit of z?
5
Let p = 2 + 0. What is the units digit of p?
2
What is the tens digit of -109*(2 - 9/3)?
0
Suppose -t + h + 291 = 2*t, 485 = 5*t + h. What is the tens digit of t?
9
Suppose 5*n = 4*r + 5, -5*n - r = -n - 4. Let v be (1 + n)/((-8)/(-12)). Suppose -v*x + 2*f + 59 = 3, -3*x + 64 = 2*f. What is the units digit of x?
0
Suppose 2*f = -5 - 7. Let l(q) = -q**3 - 7*q**2 - q + 8. Let j be l(f). Let y = -12 - j. What is the tens digit of y?
1
What is the units digit of 235/35 + (-6)/(-21)?
7
Suppose -x + 14 + 17 = 0. What is the units digit of x?
1
Suppose -3*w + 12 = w. Suppose w*k - 10 = 68. What is the tens digit of k?
2
Let f be 3 - (-7 + 0/(-3)). Let l = 7 - 0. Let y = f - l. What is the units digit of y?
3
Suppose 0 = -w + 2*w - 205. Suppose -7*r = -12*r + w. What is the units digit of r?
1
Let x be (-68)/(-18) - (-8)/36. Suppose 0 = x*j - n - 9, 4*j - 14 = 2*n - 4. What is the units digit of j?
2
Let g(a) = -a + 4. What is the units digit of g(-4)?
8
Suppose -2*d = t + 39, 0*d = 4*d + 5*t + 93. Let n = 19 + d. What is the units digit of n?
2
Suppose 6*w + 45 = w. Let n(k) be the third derivative of k**5/60 + k**4/3 - 2*k**3/3 - 4*k**2. What is the units digit of n(w)?
5
Let z(r) = 2*r**2 + 7*r - 12. Let i(y) = -5*y**2 - 22*y + 35. Let s(q) = -3*i(q) - 8*z(q). What is the tens digit of s(6)?
1
Suppose -2*f - 5*v + 16 + 12 = 0, 0 = -5*f + 5*v + 105. What is the units digit of f?
9
Let m = -16 + 17. Let g = 35 - m. What is the tens digit of g?
3
Suppose -5*b - 1 = 3*q, 2*b = -q - 1 - 0. Let z = b - -6. What is the units digit of z?
4
Let s be (-2 + 1 - 0)*-14. Let b be 4/14 - (-94)/s. Let o = 13 - b. What is the units digit of o?
6
What is the tens digit of (-2)/2 + (-39)/(-3)?
1
Let g(h) = h**3 + 10*h**2 - h - 8. Let w be g(-10). Suppose -8 = -5*d + w. What is the units digit of d?
2
Let w(b) = -14*b**3 + b**2 + 2*b + 1. Let n be w(-1). What is the units digit of ((-2)/2)/((-2)/n)?
7
Let o(l) = -l**3 + 5*l**2 - 5*l. Let c be o(4). Let w be (-2)/8 - 13/c. What is the units digit of 2/(-3) - (-20)/w?
6
Let f = 79 - 51. What is the units digit of f?
8
Let g(u) = u**3 + 13*u**2 + 7*u - 7. What is the tens digit of g(-9)?
5
Let c be 0 + (0 + 3)/3. Let d be c/1 + (0 - -24). Suppose -d - 5 = -5*j. What is the units digit of j?
6
Suppose 0 = -5*b - v + 14, b - 2*v = -2*b + 11. Suppose 5*h - 14 = -4. Suppose -b*o + 26 = 2*m, -2*o = h*o - 2*m - 30. What is the units digit of o?
8
Suppose q = 3*k - 4*k + 44, 2*q = -8. Suppose -x - 20 = -c, 0 = -2*c + 4*x - 0*x + k. What is the tens digit of c?
1
Let z(f) = 3*f**3 - 9*f**2 - 3*f - 1. What is the tens digit of z(4)?
3
Let w(p) be the first derivative of -p**4/4 + 3*p + 2. What is the units digit of w(0)?
3
Let t(w) = -2*w**3 - w - 4. Let h(c) = -c**3 + c**2. Let k(n) = 3*h(n) - t(n). What is the units digit of k(3)?
7
Suppose -o - 4 = -17. Suppose 2*i + o = t, 3*t + 3*i = -i - 11. Suppose -2*c = -2*q, t*q + 30 = 5*c + 4*q. What is the units digit of c?
5
Suppose -2*f + 3*f - 8 = 0. What is the units digit of f?
8
Suppose 5*b + 4 = 29. What is the units digit of b?
5
Suppose 5*y + 4*v - 37 = 0, 5*y + 3*v + 2*v = 40. Let q = -2 + y. Suppose -4*l + 1 = -q*l. What is the units digit of l?
1
Let i(v) = 156*v**3. What is the hundreds digit of i(1)?
1
Let x(n) = n**2 + 5*n + 6. Let y = -2 - 4. What is the tens digit of x(y)?
1
What is the units digit of 21/(-42)*(-64)/2?
6
Suppose -3*f + 2*j - 4 = 0, 5*f + 5 - 1 = 2*j. What is the units digit of (f + -1)/((-1)/4)?
4
Let k(w) = -w**3 - 11*w**2 - 10*w - 10. Let g be k(-10). Let z = g + 7. Let q = 10 - z. What is the tens digit of q?
1
Let t = 73 - -29. What is the tens digit of t?
0
Let c(r) = -4*r**3 - 22*r**2 - 5*r + 5. What is the hundreds digit of c(-6)?
1
Let k(o) = 2*o**3 - 5*o**2 + o + 5. What is the units digit of k(3)?
7
Suppose 19 + 21 = 4*